{"id":937,"date":"2022-05-10T15:33:32","date_gmt":"2022-05-10T15:33:32","guid":{"rendered":"https:\/\/y-now.com\/?page_id=937"},"modified":"2026-08-21T15:37:04","modified_gmt":"2026-08-21T15:37:04","slug":"sport-research","status":"publish","type":"page","link":"https:\/\/y-now.com\/de\/sport-research\/","title":{"rendered":"Forschung"},"content":{"rendered":"<p class=\"has-theme-palette-3-color has-text-color has-link-color wp-elements-1 wp-block-paragraph\">Zurzeit arbeite ich als Postdoktorand im Department of Behavioural and Cognitive Sciences an der Universit\u00e4t Luxemburg. In unserem Projekt, <a href=\"https:\/\/chanse.org\/wellmod\/\" data-type=\"link\" data-id=\"https:\/\/chanse.org\/wellmod\/\" target=\"_blank\" rel=\"noopener\">WELLMOD<\/a>, zielen wir darauf ab, das erste Mikrosimulationsmodell zu entwickeln, das politischen Entscheidungstr\u00e4gern helfen soll, effektivere politische Ma\u00dfnahmen zu planen, die auf das subjektive Wohlbefinden ausgerichtet sind. Das Modell wird die Bewertung und den Vergleich politischer Optionen auf der Grundlage ihrer voraussichtlichen Auswirkungen auf das subjektive Wohlbefinden und der damit verbundenen \u00f6ffentlichen Kosten erm\u00f6glichen.<\/p>\n\n\n\n<p class=\"wp-block-paragraph\">W\u00e4hrend meiner Zeit als Doktorand im Stenfors-Labor am Psychologischen Institut der Universit\u00e4t Stockholm habe ich Daten aus schwedischen bev\u00f6lkerungsbasierten Stichproben analysiert und die Rolle von Kontakt mit der Natur f\u00fcr die mentale Gesundheit untersucht:<\/p>\n\n\n\n<p class=\"has-theme-palette-3-color has-text-color has-link-color wp-elements-2 wp-block-paragraph\"><a href=\"https:\/\/link.springer.com\/article\/10.1007\/s10389-025-02465-6#\" data-type=\"link\" data-id=\"https:\/\/link.springer.com\/article\/10.1007\/s10389-025-02465-6#\" target=\"_blank\" rel=\"noreferrer noopener\"><mark style=\"background-color:rgba(0, 0, 0, 0)\" class=\"has-inline-color has-theme-palette-3-color\"><em><strong>Klein, Y.<\/strong>, Nilsen, I.B.R., Lindfors, P.&nbsp;et al.&nbsp;Nature visits buffered against loneliness during COVID-19, especially among those mainly working remotely: a population-based study of working adults in Sweden.&nbsp;J Public Health (Berl.)&nbsp;(2025). https:\/\/doi.org\/10.1007\/s10389-025-02465-6<\/em><\/mark><\/a><\/p>\n\n\n\n<p class=\"has-theme-palette-3-color has-text-color has-link-color wp-elements-3 wp-block-paragraph\"><a href=\"https:\/\/doi.org\/10.1007\/s10389-024-02230-1\" target=\"_blank\" rel=\"noreferrer noopener\"><em><strong>Klein, Y.<\/strong>, Lindfors, P., Hanson, L. L. M., &amp; Stenfors, C. U. D. (2024). Development of nature-related habits and their relation to mental health outcomes during two years of the COVID-19 pandemic: A population-based study in Sweden. Journal of Public Health. https:\/\/doi.org\/10.1007\/s10389-024-02230-1<\/em><\/a><\/p>\n\n\n\n<p class=\"has-theme-palette-3-color has-text-color has-link-color wp-elements-4 wp-block-paragraph\"><a href=\"https:\/\/psyarxiv.com\/k6mev\/\" data-type=\"link\" data-id=\"https:\/\/psyarxiv.com\/k6mev\/\" target=\"_blank\" rel=\"noreferrer noopener\"><em>Stenfors, C. U. D., R\u00e5dmark, L., Steng\u00e5rd, J., <strong>Klein, Y.<\/strong>, Osika, W., &amp; Hanson, L. M. (2023). More green, less blue: Residential Greenspace is Associated with Lower Antidepressant Redemptions in a Nationwide Population-Based Study\u2014Need for an Environmental Psychiatry Framework. PsyArXiv, DOI: 10.31234\/osf.io\/k6mev, https:\/\/psyarxiv.com\/k6mev\/<\/em><\/a><\/p>\n\n\n\n<p class=\"has-theme-palette-3-color has-text-color has-link-color wp-elements-5 wp-block-paragraph\"><a href=\"https:\/\/www.mdpi.com\/1660-4601\/19\/9\/5668\/htm\" target=\"_blank\" rel=\"noreferrer noopener\"><mark style=\"background-color:rgba(0, 0, 0, 0)\" class=\"has-inline-color has-theme-palette-4-color\"><em><strong>Y. Klein<\/strong>, P. Lindfors, W. Osika, L.L.M. Hanson, C.U.D. Stenfors, Residential Greenspace Is Associated with Lower Levels of Depressive and Burnout Symptoms, and Higher Levels of Life Satisfaction: A Nationwide Population-Based Study in Sweden, Int. J. Environ. Res. Public Heal. 2022, Vol. 19, Page 5668. 19 (2022) 5668. https:\/\/doi.org\/10.3390\/IJERPH19095668.<\/em><\/mark><\/a><\/p>\n\n\n\n<hr class=\"wp-block-separator has-css-opacity\"\/>\n\n\n\n<p class=\"wp-block-paragraph\"><\/p>\n\n\n\n<p class=\"wp-block-paragraph\">W\u00e4hrend meiner Zeit an der Deutschen Sporthochschule K\u00f6ln hatte ich die M\u00f6glichkeit, als Co-Autor unter der Supervision von Dr. Sylvain Laborde an dem Buchkapitel \"Emotional Competences Training\" mitzuarbeiten. Das Kapitel wurde als Teil des Buches \"Feelings in Sport - Theory, Research, and Practical Implications for Performance and Well-being\" ver\u00f6ffentlicht:<\/p>\n\n\n\n<p class=\"has-theme-palette-3-color has-text-color has-link-color wp-elements-6 wp-block-paragraph\"><a href=\"https:\/\/www.taylorfrancis.com\/chapters\/edit\/10.4324\/9781003052012-12\/emotional-competences-training-sylvain-laborde-julia-eyre-jonas-akpetou-ann-christin-engler-fabian-hofmann-justin-klanderman-yannick-klein-vanessa-martins-martin-leo-reinhard-pia-zajonz-emma-mosley\" target=\"_blank\" rel=\"noreferrer noopener\"><mark style=\"background-color:rgba(0, 0, 0, 0)\" class=\"has-inline-color has-theme-palette-4-color\"><em>S. Laborde, J. Eyre, J. Akpetou, A.C. Engler, F. Hofmann, J. Klanderman, <strong>Y. Klein<\/strong>, V. Martins, M.L. Reinhard, P. Zajonz, E. Mosley, Emotional competences training, Feelings in Sport &#8211; Theory, Research, and Practical Implications for Performance and Well-Being. (2020) 93\u2013106. https:\/\/doi.org\/10.4324\/9781003052012-12.<\/em><\/mark><\/a><\/p>\n\n\n\n<hr class=\"wp-block-separator has-css-opacity\"\/>\n\n\n\n<p class=\"wp-block-paragraph\"><\/p>\n\n\n\n<p class=\"wp-block-paragraph\">Beitr\u00e4ge auf internationalen Konferenzen:<\/p>\n\n\n\n<p class=\"has-theme-palette-3-color has-text-color has-link-color wp-elements-7 wp-block-paragraph\"><em><strong>Klein, Y<\/strong>, Lindfors, P, Hanson, L M, &amp; Stenfors, C U D. Nature-related habits and their development and relation to mental health outcomes during the covid-19 pandemic: a population-based study in Sweden. 17th International Congress of Behavioral Medicine, From Local to Global: Behavior, Climate and Health, Vancouver, Canada, August 23-26, 2023.<\/em><\/p>\n\n\n\n<p class=\"has-theme-palette-3-color has-text-color has-link-color wp-elements-8 wp-block-paragraph\"><em>Engler, A.C., Zajonz, P.; Hofmann, F., Akpetou, J.; Eyre, J.; Klandermann, J., <strong>Klein, Y.<\/strong>, Martins, V.; Reinhard, M., Laborde, S. (2019). A narrative review of emotional intelligence training activities in sports. Poster presentation, 15th European Congress of Sport &amp; Exercise Psychology Mu\u0308nster, Germany.<\/em><\/p>\n\n\n\n<p class=\"has-theme-palette-3-color has-text-color has-link-color wp-elements-9 wp-block-paragraph\"><em>Engler, A.C., Hofmann, F., Klandermann, J., <strong>Klein, Y.<\/strong>, Kru\u0308ger, S., Reinhard, M.; Laborde, S. (2019). Origins of self-control failure in athletes: a pilot study. Poster presentation, 15th European Congress of Sport &amp; Exercise Psychology Mu\u0308nster, Germany. <\/em><\/p>\n\n\n\n<p class=\"has-theme-palette-3-color has-text-color has-link-color wp-elements-10 wp-block-paragraph\"><em>Seubert, C., <strong>Klein, Y.<\/strong> &amp; Glaser, J. (2018). Das Zusammenspiel arbeitsbezogener und personaler Ressourcen. In R. Trimpop, J. Kampe, M. Bald, I. Seliger &amp; G. Effenberger (Hrsg.), Psychologie der Arbeitssicherheit und Gesundheit: Voneinander lernen und miteinander die Zukunft gestalten! 20. Workshop 2018 (S. 217\u2013220). Kr\u00f6ning, Deutschland: Asanger.<\/em><\/p>","protected":false},"excerpt":{"rendered":"<p>My most recent academic position was as a postdoctoral researcher at the Department of Behavioural and Cognitive Sciences, at the University of Luxembourg. In the project I was hired for, WELLMOD, we aim to develop the first well-being-focused microsimulation model to support policymakers in designing more effective public policies centred on subjective well-being. The model&#8230;<\/p>","protected":false},"author":1,"featured_media":0,"parent":0,"menu_order":0,"comment_status":"closed","ping_status":"closed","template":"","meta":{"_kad_post_transparent":"","_kad_post_title":"","_kad_post_layout":"","_kad_post_sidebar_id":"","_kad_post_content_style":"","_kad_post_vertical_padding":"","_kad_post_feature":"","_kad_post_feature_position":"","_kad_post_header":false,"_kad_post_footer":false,"_kad_post_classname":"","footnotes":""},"class_list":["post-937","page","type-page","status-publish","hentry"],"_links":{"self":[{"href":"https:\/\/y-now.com\/de\/wp-json\/wp\/v2\/pages\/937","targetHints":{"allow":["GET"]}}],"collection":[{"href":"https:\/\/y-now.com\/de\/wp-json\/wp\/v2\/pages"}],"about":[{"href":"https:\/\/y-now.com\/de\/wp-json\/wp\/v2\/types\/page"}],"author":[{"embeddable":true,"href":"https:\/\/y-now.com\/de\/wp-json\/wp\/v2\/users\/1"}],"replies":[{"embeddable":true,"href":"https:\/\/y-now.com\/de\/wp-json\/wp\/v2\/comments?post=937"}],"version-history":[{"count":16,"href":"https:\/\/y-now.com\/de\/wp-json\/wp\/v2\/pages\/937\/revisions"}],"predecessor-version":[{"id":1256,"href":"https:\/\/y-now.com\/de\/wp-json\/wp\/v2\/pages\/937\/revisions\/1256"}],"wp:attachment":[{"href":"https:\/\/y-now.com\/de\/wp-json\/wp\/v2\/media?parent=937"}],"curies":[{"name":"wp","href":"https:\/\/api.w.org\/{rel}","templated":true}]}}

<p class="has-theme-palette-3-color has-text-color has-link-color wp-elements-1 wp-block-paragraph">Zurzeit arbeite ich als Postdoktorand im Department of Behavioural and Cognitive Sciences an der Universität Luxemburg. In unserem Projekt, <a href="https://chanse.org/wellmod/" data-type="link" data-id="https://chanse.org/wellmod/" target="_blank" rel="noopener">WELLMOD</a>, zielen wir darauf ab, das erste Mikrosimulationsmodell zu entwickeln, das politischen Entscheidungsträgern helfen soll, effektivere politische Maßnahmen zu planen, die auf das subjektive Wohlbefinden ausgerichtet sind. Das Modell wird die Bewertung und den Vergleich politischer Optionen auf der Grundlage ihrer voraussichtlichen Auswirkungen auf das subjektive Wohlbefinden und der damit verbundenen öffentlichen Kosten ermöglichen.</p>



<p class="wp-block-paragraph">Während meiner Zeit als Doktorand im Stenfors-Labor am Psychologischen Institut der Universität Stockholm habe ich Daten aus schwedischen bevölkerungsbasierten Stichproben analysiert und die Rolle von Kontakt mit der Natur für die mentale Gesundheit untersucht:</p>



<p class="has-theme-palette-3-color has-text-color has-link-color wp-elements-2 wp-block-paragraph"><a href="https://link.springer.com/article/10.1007/s10389-025-02465-6#" data-type="link" data-id="https://link.springer.com/article/10.1007/s10389-025-02465-6#" target="_blank" rel="noreferrer noopener"><mark style="background-color:rgba(0, 0, 0, 0)" class="has-inline-color has-theme-palette-3-color"><em><strong>Klein, Y.</strong>, Nilsen, I.B.R., Lindfors, P.&nbsp;et al.&nbsp;Nature visits buffered against loneliness during COVID-19, especially among those mainly working remotely: a population-based study of working adults in Sweden.&nbsp;J Public Health (Berl.)&nbsp;(2025). https://doi.org/10.1007/s10389-025-02465-6</em></mark></a></p>



<p class="has-theme-palette-3-color has-text-color has-link-color wp-elements-3 wp-block-paragraph"><a href="https://doi.org/10.1007/s10389-024-02230-1" target="_blank" rel="noreferrer noopener"><em><strong>Klein, Y.</strong>, Lindfors, P., Hanson, L. L. M., &amp; Stenfors, C. U. D. (2024). Development of nature-related habits and their relation to mental health outcomes during two years of the COVID-19 pandemic: A population-based study in Sweden. Journal of Public Health. https://doi.org/10.1007/s10389-024-02230-1</em></a></p>



<p class="has-theme-palette-3-color has-text-color has-link-color wp-elements-4 wp-block-paragraph"><a href="https://psyarxiv.com/k6mev/" data-type="link" data-id="https://psyarxiv.com/k6mev/" target="_blank" rel="noreferrer noopener"><em>Stenfors, C. U. D., Rådmark, L., Stengård, J., <strong>Klein, Y.</strong>, Osika, W., &amp; Hanson, L. M. (2023). More green, less blue: Residential Greenspace is Associated with Lower Antidepressant Redemptions in a Nationwide Population-Based Study—Need for an Environmental Psychiatry Framework. PsyArXiv, DOI: 10.31234/osf.io/k6mev, https://psyarxiv.com/k6mev/</em></a></p>



<p class="has-theme-palette-3-color has-text-color has-link-color wp-elements-5 wp-block-paragraph"><a href="https://www.mdpi.com/1660-4601/19/9/5668/htm" target="_blank" rel="noreferrer noopener"><mark style="background-color:rgba(0, 0, 0, 0)" class="has-inline-color has-theme-palette-4-color"><em><strong>Y. Klein</strong>, P. Lindfors, W. Osika, L.L.M. Hanson, C.U.D. Stenfors, Residential Greenspace Is Associated with Lower Levels of Depressive and Burnout Symptoms, and Higher Levels of Life Satisfaction: A Nationwide Population-Based Study in Sweden, Int. J. Environ. Res. Public Heal. 2022, Vol. 19, Page 5668. 19 (2022) 5668. https://doi.org/10.3390/IJERPH19095668.</em></mark></a></p>



<hr class="wp-block-separator has-css-opacity"/>



<p class="wp-block-paragraph"></p>



<p class="wp-block-paragraph">Während meiner Zeit an der Deutschen Sporthochschule Köln hatte ich die Möglichkeit, als Co-Autor unter der Supervision von Dr. Sylvain Laborde an dem Buchkapitel "Emotional Competences Training" mitzuarbeiten. Das Kapitel wurde als Teil des Buches "Feelings in Sport - Theory, Research, and Practical Implications for Performance and Well-being" veröffentlicht:</p>



<p class="has-theme-palette-3-color has-text-color has-link-color wp-elements-6 wp-block-paragraph"><a href="https://www.taylorfrancis.com/chapters/edit/10.4324/9781003052012-12/emotional-competences-training-sylvain-laborde-julia-eyre-jonas-akpetou-ann-christin-engler-fabian-hofmann-justin-klanderman-yannick-klein-vanessa-martins-martin-leo-reinhard-pia-zajonz-emma-mosley" target="_blank" rel="noreferrer noopener"><mark style="background-color:rgba(0, 0, 0, 0)" class="has-inline-color has-theme-palette-4-color"><em>S. Laborde, J. Eyre, J. Akpetou, A.C. Engler, F. Hofmann, J. Klanderman, <strong>Y. Klein</strong>, V. Martins, M.L. Reinhard, P. Zajonz, E. Mosley, Emotional competences training, Feelings in Sport &#8211; Theory, Research, and Practical Implications for Performance and Well-Being. (2020) 93–106. https://doi.org/10.4324/9781003052012-12.</em></mark></a></p>



<hr class="wp-block-separator has-css-opacity"/>



<p class="wp-block-paragraph"></p>



<p class="wp-block-paragraph">Beiträge auf internationalen Konferenzen:</p>



<p class="has-theme-palette-3-color has-text-color has-link-color wp-elements-7 wp-block-paragraph"><em><strong>Klein, Y</strong>, Lindfors, P, Hanson, L M, &amp; Stenfors, C U D. Nature-related habits and their development and relation to mental health outcomes during the covid-19 pandemic: a population-based study in Sweden. 17th International Congress of Behavioral Medicine, From Local to Global: Behavior, Climate and Health, Vancouver, Canada, August 23-26, 2023.</em></p>



<p class="has-theme-palette-3-color has-text-color has-link-color wp-elements-8 wp-block-paragraph"><em>Engler, A.C., Zajonz, P.; Hofmann, F., Akpetou, J.; Eyre, J.; Klandermann, J., <strong>Klein, Y.</strong>, Martins, V.; Reinhard, M., Laborde, S. (2019). A narrative review of emotional intelligence training activities in sports. Poster presentation, 15th European Congress of Sport &amp; Exercise Psychology Münster, Germany.</em></p>



<p class="has-theme-palette-3-color has-text-color has-link-color wp-elements-9 wp-block-paragraph"><em>Engler, A.C., Hofmann, F., Klandermann, J., <strong>Klein, Y.</strong>, Krüger, S., Reinhard, M.; Laborde, S. (2019). Origins of self-control failure in athletes: a pilot study. Poster presentation, 15th European Congress of Sport &amp; Exercise Psychology Münster, Germany. </em></p>



<p class="has-theme-palette-3-color has-text-color has-link-color wp-elements-10 wp-block-paragraph"><em>Seubert, C., <strong>Klein, Y.</strong> &amp; Glaser, J. (2018). Das Zusammenspiel arbeitsbezogener und personaler Ressourcen. In R. Trimpop, J. Kampe, M. Bald, I. Seliger &amp; G. Effenberger (Hrsg.), Psychologie der Arbeitssicherheit und Gesundheit: Voneinander lernen und miteinander die Zukunft gestalten! 20. Workshop 2018 (S. 217–220). Kröning, Deutschland: Asanger.</em></p>
